{"id":164,"date":"2022-01-06T15:01:11","date_gmt":"2022-01-06T15:01:11","guid":{"rendered":"https:\/\/fundaciontrafkin.org.ar\/?page_id=164"},"modified":"2022-01-13T16:24:33","modified_gmt":"2022-01-13T16:24:33","slug":"elementor-164","status":"publish","type":"page","link":"https:\/\/fundaciontrafkin.org.ar\/index.php\/elementor-164\/","title":{"rendered":"Sobre nosotros"},"content":{"rendered":"\t\t<div data-elementor-type=\"wp-page\" data-elementor-id=\"164\" class=\"elementor elementor-164\">\n\t\t\t\t\t\t<section class=\"elementor-section elementor-top-section elementor-element elementor-element-48cfa915 elementor-section-content-middle elementor-section-boxed elementor-section-height-default elementor-section-height-default\" data-id=\"48cfa915\" data-element_type=\"section\" data-e-type=\"section\">\n\t\t\t\t\t\t<div class=\"elementor-container elementor-column-gap-no\">\n\t\t\t\t\t<div class=\"elementor-column elementor-col-33 elementor-top-column elementor-element elementor-element-2705c7c6\" data-id=\"2705c7c6\" data-element_type=\"column\" data-e-type=\"column\">\n\t\t\t<div class=\"elementor-widget-wrap elementor-element-populated\">\n\t\t\t\t\t\t<div class=\"elementor-element elementor-element-3e2a8742 elementor-widget elementor-widget-text-editor\" data-id=\"3e2a8742\" data-element_type=\"widget\" data-e-type=\"widget\" data-widget_type=\"text-editor.default\">\n\t\t\t\t<div class=\"elementor-widget-container\">\n\t\t\t\t\t\t\t\t\t<p>Sobre nosotros<\/p>\t\t\t\t\t\t\t\t<\/div>\n\t\t\t\t<\/div>\n\t\t\t\t<div class=\"elementor-element elementor-element-762ac64c elementor-widget elementor-widget-heading\" data-id=\"762ac64c\" data-element_type=\"widget\" data-e-type=\"widget\" data-widget_type=\"heading.default\">\n\t\t\t\t<div class=\"elementor-widget-container\">\n\t\t\t\t\t<h3 class=\"elementor-heading-title elementor-size-default\">Fundaci\u00f3n Trafkin<\/h3>\t\t\t\t<\/div>\n\t\t\t\t<\/div>\n\t\t\t\t<div class=\"elementor-element elementor-element-6e5ccdda elementor-hidden-mobile elementor-widget elementor-widget-image\" data-id=\"6e5ccdda\" data-element_type=\"widget\" data-e-type=\"widget\" data-widget_type=\"image.default\">\n\t\t\t\t<div class=\"elementor-widget-container\">\n\t\t\t\t\t\t\t\t\t\t\t\t\t\t\t<img fetchpriority=\"high\" decoding=\"async\" width=\"590\" height=\"400\" src=\"https:\/\/fundaciontrafkin.org.ar\/wp-content\/uploads\/2021\/11\/quienes-somos.png\" class=\"elementor-animation-grow attachment-large size-large wp-image-116\" alt=\"\" srcset=\"https:\/\/fundaciontrafkin.org.ar\/wp-content\/uploads\/2021\/11\/quienes-somos.png 590w, https:\/\/fundaciontrafkin.org.ar\/wp-content\/uploads\/2021\/11\/quienes-somos-300x203.png 300w\" sizes=\"(max-width: 590px) 100vw, 590px\" \/>\t\t\t\t\t\t\t\t\t\t\t\t\t\t\t<\/div>\n\t\t\t\t<\/div>\n\t\t\t\t\t<\/div>\n\t\t<\/div>\n\t\t\t\t<div class=\"elementor-column elementor-col-33 elementor-top-column elementor-element elementor-element-6954611c\" data-id=\"6954611c\" data-element_type=\"column\" data-e-type=\"column\">\n\t\t\t<div class=\"elementor-widget-wrap elementor-element-populated\">\n\t\t\t\t\t\t<div class=\"elementor-element elementor-element-ebd3ef9 elementor-hidden-mobile elementor-widget elementor-widget-image\" data-id=\"ebd3ef9\" data-element_type=\"widget\" data-e-type=\"widget\" data-widget_type=\"image.default\">\n\t\t\t\t<div class=\"elementor-widget-container\">\n\t\t\t\t\t\t\t\t\t\t\t\t\t\t\t<img decoding=\"async\" width=\"800\" height=\"600\" src=\"https:\/\/fundaciontrafkin.org.ar\/wp-content\/uploads\/2022\/01\/WhatsApp-Image-2021-05-18-at-16.41.43-1.jpeg\" class=\"elementor-animation-grow attachment-large size-large wp-image-153\" alt=\"\" srcset=\"https:\/\/fundaciontrafkin.org.ar\/wp-content\/uploads\/2022\/01\/WhatsApp-Image-2021-05-18-at-16.41.43-1.jpeg 960w, https:\/\/fundaciontrafkin.org.ar\/wp-content\/uploads\/2022\/01\/WhatsApp-Image-2021-05-18-at-16.41.43-1-300x225.jpeg 300w, https:\/\/fundaciontrafkin.org.ar\/wp-content\/uploads\/2022\/01\/WhatsApp-Image-2021-05-18-at-16.41.43-1-768x576.jpeg 768w\" sizes=\"(max-width: 800px) 100vw, 800px\" \/>\t\t\t\t\t\t\t\t\t\t\t\t\t\t\t<\/div>\n\t\t\t\t<\/div>\n\t\t\t\t<div class=\"elementor-element elementor-element-3ed02748 elementor-widget elementor-widget-text-editor\" data-id=\"3ed02748\" data-element_type=\"widget\" data-e-type=\"widget\" data-widget_type=\"text-editor.default\">\n\t\t\t\t<div class=\"elementor-widget-container\">\n\t\t\t\t\t\t\t\t\t<p><b>\u00abEn forma individual podemos llegar m\u00e1s r\u00e1pido pero en conjunto podemos llegar m\u00e1s lejos.\u00bb<\/b><\/p>\t\t\t\t\t\t\t\t<\/div>\n\t\t\t\t<\/div>\n\t\t\t\t\t<\/div>\n\t\t<\/div>\n\t\t\t\t<div class=\"elementor-column elementor-col-33 elementor-top-column elementor-element elementor-element-4ea21115\" data-id=\"4ea21115\" data-element_type=\"column\" data-e-type=\"column\">\n\t\t\t<div class=\"elementor-widget-wrap elementor-element-populated\">\n\t\t\t\t\t\t<div class=\"elementor-element elementor-element-3e0e406f elementor-hidden-mobile elementor-widget elementor-widget-image\" data-id=\"3e0e406f\" data-element_type=\"widget\" data-e-type=\"widget\" data-widget_type=\"image.default\">\n\t\t\t\t<div class=\"elementor-widget-container\">\n\t\t\t\t\t\t\t\t\t\t\t\t\t\t\t<img decoding=\"async\" width=\"774\" height=\"774\" src=\"https:\/\/fundaciontrafkin.org.ar\/wp-content\/uploads\/2022\/01\/WhatsApp-Image-2021-05-18-at-16.42.53.jpeg\" class=\"elementor-animation-grow attachment-full size-full wp-image-152\" alt=\"\" srcset=\"https:\/\/fundaciontrafkin.org.ar\/wp-content\/uploads\/2022\/01\/WhatsApp-Image-2021-05-18-at-16.42.53.jpeg 774w, https:\/\/fundaciontrafkin.org.ar\/wp-content\/uploads\/2022\/01\/WhatsApp-Image-2021-05-18-at-16.42.53-300x300.jpeg 300w, https:\/\/fundaciontrafkin.org.ar\/wp-content\/uploads\/2022\/01\/WhatsApp-Image-2021-05-18-at-16.42.53-150x150.jpeg 150w, https:\/\/fundaciontrafkin.org.ar\/wp-content\/uploads\/2022\/01\/WhatsApp-Image-2021-05-18-at-16.42.53-768x768.jpeg 768w\" sizes=\"(max-width: 774px) 100vw, 774px\" \/>\t\t\t\t\t\t\t\t\t\t\t\t\t\t\t<\/div>\n\t\t\t\t<\/div>\n\t\t\t\t\t<\/div>\n\t\t<\/div>\n\t\t\t\t\t<\/div>\n\t\t<\/section>\n\t\t\t\t<section class=\"elementor-section elementor-top-section elementor-element elementor-element-d5dcb2a elementor-section-boxed elementor-section-height-default elementor-section-height-default\" data-id=\"d5dcb2a\" data-element_type=\"section\" data-e-type=\"section\">\n\t\t\t\t\t\t<div class=\"elementor-container elementor-column-gap-default\">\n\t\t\t\t\t<div class=\"elementor-column elementor-col-50 elementor-top-column elementor-element elementor-element-19e00e3\" data-id=\"19e00e3\" data-element_type=\"column\" data-e-type=\"column\">\n\t\t\t<div class=\"elementor-widget-wrap elementor-element-populated\">\n\t\t\t\t\t\t<div class=\"elementor-element elementor-element-9408dd6 elementor-widget elementor-widget-text-editor\" data-id=\"9408dd6\" data-element_type=\"widget\" data-e-type=\"widget\" data-widget_type=\"text-editor.default\">\n\t\t\t\t<div class=\"elementor-widget-container\">\n\t\t\t\t\t\t\t\t\t<p><span style=\"font-weight: 400;\">Trafkin es una palabra de origen Araucano que significa \u201cun amigo que ayuda\u201d, y en <\/span><span style=\"font-weight: 400;\">concordancia con su nombre, esta Fundaci\u00f3n tiene como objetivo el asistir a personas <\/span><span style=\"font-weight: 400;\">carenciadas, de bajo recursos, en situaciones de extrema vulnerabilidad y pueblos <\/span><span style=\"font-weight: 400;\">originarios con carencias. Nuestra misi\u00f3n institucional es la ayuda social a trav\u00e9s de la educaci\u00f3n y la salud.<\/span><\/p>\n<p><span style=\"font-weight: 400;\">Educaci\u00f3n: estamos convencidos que la ense\u00f1anza es la base de la disminuci\u00f3n de la <\/span><span style=\"font-weight: 400;\">pobreza por ello ayudamos a escuelas rurales necesitadas. A mayor conocimiento los <\/span><span style=\"font-weight: 400;\">ni\u00f1os tendr\u00e1n mayores herramientas para desenvolverse.<\/span><\/p>\n<p><span style=\"font-weight: 400;\">Salud: proveemos medicamentos, accesorios e insumos m\u00e9dicos a dispensarios, salas <\/span><span style=\"font-weight: 400;\">sanitarias y hospitales rurales tras realizar un previa charla con los m\u00e9dicos que trabajan en <\/span><span style=\"font-weight: 400;\">estos lugares para informarnos acerca de las patolog\u00edas regionales y poder as\u00ed enviarles los <\/span><span style=\"font-weight: 400;\">recursos asistenciales que se ajustan a sus necesidades.<\/span><\/p>\t\t\t\t\t\t\t\t<\/div>\n\t\t\t\t<\/div>\n\t\t\t\t\t<\/div>\n\t\t<\/div>\n\t\t\t\t<div class=\"elementor-column elementor-col-50 elementor-top-column elementor-element elementor-element-f5e6de7\" data-id=\"f5e6de7\" data-element_type=\"column\" data-e-type=\"column\">\n\t\t\t<div class=\"elementor-widget-wrap elementor-element-populated\">\n\t\t\t\t\t\t<div class=\"elementor-element elementor-element-5658a08 elementor-widget elementor-widget-text-editor\" data-id=\"5658a08\" data-element_type=\"widget\" data-e-type=\"widget\" data-widget_type=\"text-editor.default\">\n\t\t\t\t<div class=\"elementor-widget-container\">\n\t\t\t\t\t\t\t\t\t<p>El proyecto piloto naci\u00f3 hace ocho a\u00f1os colaborando con el dispensario del Padre Ignacio\u00a0Peries, Nuestra Se\u00f1ora de la Esperanza y a dispensarios cercanos de la ciudad de Rosario,\u00a0Provincia de Santa Fe, haci\u00e9ndoles llegar las donaciones de quienes hoy son activos\u00a0colaboradores a trav\u00e9s del C\u00edrculo de Prestaciones Farmac\u00e9uticas de Rosario, de un grupo\u00a0de farmacias que lo conforman, laboratorios, visitadores m\u00e9dicos, y personas allegadas que\u00a0prove\u00edan sus medicamentos y otros insumos.<\/p><p><span style=\"font-weight: 400;\">En el a\u00f1o 2018 el Concejo Municipal de Rosario declar\u00f3 Instituci\u00f3n Destacada de la ciudad a la Fundaci\u00f3n por sus tareas de asistencia social en el \u00e1mbito de la medicina.<\/span><\/p><p><span style=\"font-weight: 400;\">Un censo que realizamos en el a\u00f1o 2021, arroj\u00f3 que llegamos con nuestra <\/span><span style=\"font-weight: 400;\">ayuda a m\u00e1s de 20.000 personas. En la actualidad sumamos muchas m\u00e1s postas, <\/span><span style=\"font-weight: 400;\">hospitales y escuelas rurales, por lo que vamos superando ampliamente ese n\u00famero.<\/span><\/p>\t\t\t\t\t\t\t\t<\/div>\n\t\t\t\t<\/div>\n\t\t\t\t\t<\/div>\n\t\t<\/div>\n\t\t\t\t\t<\/div>\n\t\t<\/section>\n\t\t\t\t<\/div>\n\t\t","protected":false},"excerpt":{"rendered":"<p>Sobre nosotros Fundaci\u00f3n Trafkin \u00abEn forma individual podemos llegar m\u00e1s r\u00e1pido pero en conjunto podemos llegar m\u00e1s lejos.\u00bb Trafkin es una palabra de origen Araucano que significa \u201cun amigo que ayuda\u201d, y en concordancia con su nombre, esta Fundaci\u00f3n tiene como objetivo el asistir a personas carenciadas, de bajo recursos, en situaciones de extrema vulnerabilidad [&hellip;]<\/p>\n","protected":false},"author":1,"featured_media":0,"parent":0,"menu_order":0,"comment_status":"closed","ping_status":"closed","template":"","meta":{"_mi_skip_tracking":false,"_monsterinsights_sitenote_active":false,"_monsterinsights_sitenote_note":"","_monsterinsights_sitenote_category":0,"footnotes":""},"class_list":["post-164","page","type-page","status-publish","hentry"],"aioseo_notices":[],"_links":{"self":[{"href":"https:\/\/fundaciontrafkin.org.ar\/index.php\/wp-json\/wp\/v2\/pages\/164","targetHints":{"allow":["GET"]}}],"collection":[{"href":"https:\/\/fundaciontrafkin.org.ar\/index.php\/wp-json\/wp\/v2\/pages"}],"about":[{"href":"https:\/\/fundaciontrafkin.org.ar\/index.php\/wp-json\/wp\/v2\/types\/page"}],"author":[{"embeddable":true,"href":"https:\/\/fundaciontrafkin.org.ar\/index.php\/wp-json\/wp\/v2\/users\/1"}],"replies":[{"embeddable":true,"href":"https:\/\/fundaciontrafkin.org.ar\/index.php\/wp-json\/wp\/v2\/comments?post=164"}],"version-history":[{"count":23,"href":"https:\/\/fundaciontrafkin.org.ar\/index.php\/wp-json\/wp\/v2\/pages\/164\/revisions"}],"predecessor-version":[{"id":327,"href":"https:\/\/fundaciontrafkin.org.ar\/index.php\/wp-json\/wp\/v2\/pages\/164\/revisions\/327"}],"wp:attachment":[{"href":"https:\/\/fundaciontrafkin.org.ar\/index.php\/wp-json\/wp\/v2\/media?parent=164"}],"curies":[{"name":"wp","href":"https:\/\/api.w.org\/{rel}","templated":true}]}}

<div data-elementor-type="wp-page" data-elementor-id="164" class="elementor elementor-164">
						<section class="elementor-section elementor-top-section elementor-element elementor-element-48cfa915 elementor-section-content-middle elementor-section-boxed elementor-section-height-default elementor-section-height-default" data-id="48cfa915" data-element_type="section" data-e-type="section">
						<div class="elementor-container elementor-column-gap-no">
					<div class="elementor-column elementor-col-33 elementor-top-column elementor-element elementor-element-2705c7c6" data-id="2705c7c6" data-element_type="column" data-e-type="column">
			<div class="elementor-widget-wrap elementor-element-populated">
						<div class="elementor-element elementor-element-3e2a8742 elementor-widget elementor-widget-text-editor" data-id="3e2a8742" data-element_type="widget" data-e-type="widget" data-widget_type="text-editor.default">
				<div class="elementor-widget-container">
									<p>Sobre nosotros</p>								</div>
				</div>
				<div class="elementor-element elementor-element-762ac64c elementor-widget elementor-widget-heading" data-id="762ac64c" data-element_type="widget" data-e-type="widget" data-widget_type="heading.default">
				<div class="elementor-widget-container">
					<h3 class="elementor-heading-title elementor-size-default">Fundación Trafkin</h3>				</div>
				</div>
				<div class="elementor-element elementor-element-6e5ccdda elementor-hidden-mobile elementor-widget elementor-widget-image" data-id="6e5ccdda" data-element_type="widget" data-e-type="widget" data-widget_type="image.default">
				<div class="elementor-widget-container">
															<img fetchpriority="high" decoding="async" width="590" height="400" src="https://fundaciontrafkin.org.ar/wp-content/uploads/2021/11/quienes-somos.png" class="elementor-animation-grow attachment-large size-large wp-image-116" alt="" srcset="https://fundaciontrafkin.org.ar/wp-content/uploads/2021/11/quienes-somos.png 590w, https://fundaciontrafkin.org.ar/wp-content/uploads/2021/11/quienes-somos-300x203.png 300w" sizes="(max-width: 590px) 100vw, 590px" />															</div>
				</div>
					</div>
		</div>
				<div class="elementor-column elementor-col-33 elementor-top-column elementor-element elementor-element-6954611c" data-id="6954611c" data-element_type="column" data-e-type="column">
			<div class="elementor-widget-wrap elementor-element-populated">
						<div class="elementor-element elementor-element-ebd3ef9 elementor-hidden-mobile elementor-widget elementor-widget-image" data-id="ebd3ef9" data-element_type="widget" data-e-type="widget" data-widget_type="image.default">
				<div class="elementor-widget-container">
															<img decoding="async" width="800" height="600" src="https://fundaciontrafkin.org.ar/wp-content/uploads/2022/01/WhatsApp-Image-2021-05-18-at-16.41.43-1.jpeg" class="elementor-animation-grow attachment-large size-large wp-image-153" alt="" srcset="https://fundaciontrafkin.org.ar/wp-content/uploads/2022/01/WhatsApp-Image-2021-05-18-at-16.41.43-1.jpeg 960w, https://fundaciontrafkin.org.ar/wp-content/uploads/2022/01/WhatsApp-Image-2021-05-18-at-16.41.43-1-300x225.jpeg 300w, https://fundaciontrafkin.org.ar/wp-content/uploads/2022/01/WhatsApp-Image-2021-05-18-at-16.41.43-1-768x576.jpeg 768w" sizes="(max-width: 800px) 100vw, 800px" />															</div>
				</div>
				<div class="elementor-element elementor-element-3ed02748 elementor-widget elementor-widget-text-editor" data-id="3ed02748" data-element_type="widget" data-e-type="widget" data-widget_type="text-editor.default">
				<div class="elementor-widget-container">
									<p><b>«En forma individual podemos llegar más rápido pero en conjunto podemos llegar más lejos.»</b></p>								</div>
				</div>
					</div>
		</div>
				<div class="elementor-column elementor-col-33 elementor-top-column elementor-element elementor-element-4ea21115" data-id="4ea21115" data-element_type="column" data-e-type="column">
			<div class="elementor-widget-wrap elementor-element-populated">
						<div class="elementor-element elementor-element-3e0e406f elementor-hidden-mobile elementor-widget elementor-widget-image" data-id="3e0e406f" data-element_type="widget" data-e-type="widget" data-widget_type="image.default">
				<div class="elementor-widget-container">
															<img decoding="async" width="774" height="774" src="https://fundaciontrafkin.org.ar/wp-content/uploads/2022/01/WhatsApp-Image-2021-05-18-at-16.42.53.jpeg" class="elementor-animation-grow attachment-full size-full wp-image-152" alt="" srcset="https://fundaciontrafkin.org.ar/wp-content/uploads/2022/01/WhatsApp-Image-2021-05-18-at-16.42.53.jpeg 774w, https://fundaciontrafkin.org.ar/wp-content/uploads/2022/01/WhatsApp-Image-2021-05-18-at-16.42.53-300x300.jpeg 300w, https://fundaciontrafkin.org.ar/wp-content/uploads/2022/01/WhatsApp-Image-2021-05-18-at-16.42.53-150x150.jpeg 150w, https://fundaciontrafkin.org.ar/wp-content/uploads/2022/01/WhatsApp-Image-2021-05-18-at-16.42.53-768x768.jpeg 768w" sizes="(max-width: 774px) 100vw, 774px" />															</div>
				</div>
					</div>
		</div>
					</div>
		</section>
				<section class="elementor-section elementor-top-section elementor-element elementor-element-d5dcb2a elementor-section-boxed elementor-section-height-default elementor-section-height-default" data-id="d5dcb2a" data-element_type="section" data-e-type="section">
						<div class="elementor-container elementor-column-gap-default">
					<div class="elementor-column elementor-col-50 elementor-top-column elementor-element elementor-element-19e00e3" data-id="19e00e3" data-element_type="column" data-e-type="column">
			<div class="elementor-widget-wrap elementor-element-populated">
						<div class="elementor-element elementor-element-9408dd6 elementor-widget elementor-widget-text-editor" data-id="9408dd6" data-element_type="widget" data-e-type="widget" data-widget_type="text-editor.default">
				<div class="elementor-widget-container">
									<p><span style="font-weight: 400;">Trafkin es una palabra de origen Araucano que significa “un amigo que ayuda”, y en </span><span style="font-weight: 400;">concordancia con su nombre, esta Fundación tiene como objetivo el asistir a personas </span><span style="font-weight: 400;">carenciadas, de bajo recursos, en situaciones de extrema vulnerabilidad y pueblos </span><span style="font-weight: 400;">originarios con carencias. Nuestra misión institucional es la ayuda social a través de la educación y la salud.</span></p>
<p><span style="font-weight: 400;">Educación: estamos convencidos que la enseñanza es la base de la disminución de la </span><span style="font-weight: 400;">pobreza por ello ayudamos a escuelas rurales necesitadas. A mayor conocimiento los </span><span style="font-weight: 400;">niños tendrán mayores herramientas para desenvolverse.</span></p>
<p><span style="font-weight: 400;">Salud: proveemos medicamentos, accesorios e insumos médicos a dispensarios, salas </span><span style="font-weight: 400;">sanitarias y hospitales rurales tras realizar un previa charla con los médicos que trabajan en </span><span style="font-weight: 400;">estos lugares para informarnos acerca de las patologías regionales y poder así enviarles los </span><span style="font-weight: 400;">recursos asistenciales que se ajustan a sus necesidades.</span></p>								</div>
				</div>
					</div>
		</div>
				<div class="elementor-column elementor-col-50 elementor-top-column elementor-element elementor-element-f5e6de7" data-id="f5e6de7" data-element_type="column" data-e-type="column">
			<div class="elementor-widget-wrap elementor-element-populated">
						<div class="elementor-element elementor-element-5658a08 elementor-widget elementor-widget-text-editor" data-id="5658a08" data-element_type="widget" data-e-type="widget" data-widget_type="text-editor.default">
				<div class="elementor-widget-container">
									<p>El proyecto piloto nació hace ocho años colaborando con el dispensario del Padre Ignacio Peries, Nuestra Señora de la Esperanza y a dispensarios cercanos de la ciudad de Rosario, Provincia de Santa Fe, haciéndoles llegar las donaciones de quienes hoy son activos colaboradores a través del Círculo de Prestaciones Farmacéuticas de Rosario, de un grupo de farmacias que lo conforman, laboratorios, visitadores médicos, y personas allegadas que proveían sus medicamentos y otros insumos.</p><p><span style="font-weight: 400;">En el año 2018 el Concejo Municipal de Rosario declaró Institución Destacada de la ciudad a la Fundación por sus tareas de asistencia social en el ámbito de la medicina.</span></p><p><span style="font-weight: 400;">Un censo que realizamos en el año 2021, arrojó que llegamos con nuestra </span><span style="font-weight: 400;">ayuda a más de 20.000 personas. En la actualidad sumamos muchas más postas, </span><span style="font-weight: 400;">hospitales y escuelas rurales, por lo que vamos superando ampliamente ese número.</span></p>								</div>
				</div>
					</div>
		</div>
					</div>
		</section>
				</div>

<p>Sobre nosotros Fundación Trafkin «En forma individual podemos llegar más rápido pero en conjunto podemos llegar más lejos.» Trafkin es una palabra de origen Araucano que significa “un amigo que ayuda”, y en concordancia con su nombre, esta Fundación tiene como objetivo el asistir a personas carenciadas, de bajo recursos, en situaciones de extrema vulnerabilidad [&hellip;]</p>
